{"id":1296,"date":"2017-03-06T10:08:43","date_gmt":"2017-03-06T10:08:43","guid":{"rendered":"https:\/\/garces-wp.ixole.es\/?page_id=1296\/"},"modified":"2017-03-14T09:10:57","modified_gmt":"2017-03-14T09:10:57","slug":"laser","status":"publish","type":"page","link":"https:\/\/garces-wp.ixole.es\/ca\/dermatologia-quirurgica\/laser\/","title":{"rendered":"L\u00e0ser"},"content":{"rendered":"<p>[vc_row][vc_column][vc_column_text]El l\u00e0ser \u00e9s una t\u00e8cnica molt utilitzada en dermatologia i pot ser un tractament molt efica\u00e7 per a diferents tipus de patologies com la ros\u00e0cia, les berrugues, el c\u00e0ncer de pell, l&#8217;acne, etc.<\/p>\n<p>L&#8217;<a href=\"http:\/\/fotomedicina.com\/\"><strong>Institut de Fotomedicina del Centre M\u00e8dic Teknon<\/strong><\/a>, dirigit pel <a href=\"https:\/\/garces-wp.ixole.es\/ca\/jrgarces\/\">doctor Garc\u00e9s<\/a>, est\u00e0 especialitzat en l&#8217;\u00fas del l\u00e0ser per al tractament dermatol\u00f2gic i disposa de diferents especialistes que l&#8217;ajudaran en tot el tractament.<\/p>\n<p><a href=\"http:\/\/fotomedicina.com\/\">M\u00e9s informaci\u00f3<\/a>[\/vc_column_text][vc_separator][vc_empty_space][vc_empty_space][vc_empty_space][vc_cta h2=&#8221;Si vol demanar cita o m\u00e9s informaci\u00f3, contacti amb nosaltres&#8221; h2_font_container=&#8221;font_size:24|color:%23ffffff&#8221; h2_use_theme_fonts=&#8221;yes&#8221; add_button=&#8221;right&#8221; btn_title=&#8221;Contactar&#8221; btn_style=&#8221;classic&#8221; btn_color=&#8221;chino&#8221; btn_align=&#8221;right&#8221; css=&#8221;.vc_custom_1488903228769{background-color: #3b506b !important;}&#8221; use_custom_fonts_h2=&#8221;true&#8221; use_custom_fonts_h4=&#8221;true&#8221; btn_button_block=&#8221;true&#8221; btn_link=&#8221;url:https%3A%2F%2Fgarces-wp.ixole.es%2Fca%2Fcontactar%2F||&#8221;][\/vc_cta][\/vc_column][\/vc_row]<\/p>\n","protected":false},"excerpt":{"rendered":"<p>[vc_row][vc_column][vc_column_text]El l\u00e0ser \u00e9s una t\u00e8cnica molt utilitzada en dermatologia i pot ser un tractament molt efica\u00e7 per a diferents tipus de patologies com la ros\u00e0cia, les berrugues, el c\u00e0ncer de pell, l&#8217;acne, etc. L&#8217;Institut de Fotomedicina del Centre M\u00e8dic Teknon, dirigit pel doctor Garc\u00e9s, est\u00e0 especialitzat en l&#8217;\u00fas del l\u00e0ser per al tractament dermatol\u00f2gic i [&hellip;]<\/p>\n","protected":false},"author":1,"featured_media":0,"parent":1258,"menu_order":0,"comment_status":"closed","ping_status":"closed","template":"","meta":{"footnotes":""},"class_list":["post-1296","page","type-page","status-publish","hentry"],"yoast_head":"<!-- This site is optimized with the Yoast SEO plugin v26.7 - https:\/\/yoast.com\/wordpress\/plugins\/seo\/ -->\n<title>L\u00e0ser - Dermatologia Garces<\/title>\n<meta name=\"robots\" content=\"index, follow, max-snippet:-1, max-image-preview:large, max-video-preview:-1\" \/>\n<link rel=\"canonical\" href=\"https:\/\/garces-wp.ixole.es\/ca\/dermatologia-quirurgica\/laser\/\" \/>\n<meta property=\"og:locale\" content=\"ca_ES\" \/>\n<meta property=\"og:type\" content=\"article\" \/>\n<meta property=\"og:title\" content=\"L\u00e0ser - Dermatologia Garces\" \/>\n<meta property=\"og:description\" content=\"[vc_row][vc_column][vc_column_text]El l\u00e0ser \u00e9s una t\u00e8cnica molt utilitzada en dermatologia i pot ser un tractament molt efica\u00e7 per a diferents tipus de patologies com la ros\u00e0cia, les berrugues, el c\u00e0ncer de pell, l&#8217;acne, etc. L&#8217;Institut de Fotomedicina del Centre M\u00e8dic Teknon, dirigit pel doctor Garc\u00e9s, est\u00e0 especialitzat en l&#8217;\u00fas del l\u00e0ser per al tractament dermatol\u00f2gic i [&hellip;]\" \/>\n<meta property=\"og:url\" content=\"https:\/\/garces-wp.ixole.es\/ca\/dermatologia-quirurgica\/laser\/\" \/>\n<meta property=\"og:site_name\" content=\"Dermatologia Garces\" \/>\n<meta property=\"article:modified_time\" content=\"2017-03-14T09:10:57+00:00\" \/>\n<meta name=\"twitter:card\" content=\"summary_large_image\" \/>\n<meta name=\"twitter:label1\" content=\"Est. reading time\" \/>\n\t<meta name=\"twitter:data1\" content=\"1 minute\" \/>\n<script type=\"application\/ld+json\" class=\"yoast-schema-graph\">{\"@context\":\"https:\/\/schema.org\",\"@graph\":[{\"@type\":\"WebPage\",\"@id\":\"https:\/\/garces-wp.ixole.es\/ca\/dermatologia-quirurgica\/laser\/\",\"url\":\"https:\/\/garces-wp.ixole.es\/ca\/dermatologia-quirurgica\/laser\/\",\"name\":\"L\u00e0ser - Dermatologia Garces\",\"isPartOf\":{\"@id\":\"https:\/\/garces-wp.ixole.es\/#website\"},\"datePublished\":\"2017-03-06T10:08:43+00:00\",\"dateModified\":\"2017-03-14T09:10:57+00:00\",\"breadcrumb\":{\"@id\":\"https:\/\/garces-wp.ixole.es\/ca\/dermatologia-quirurgica\/laser\/#breadcrumb\"},\"inLanguage\":\"ca-ES\",\"potentialAction\":[{\"@type\":\"ReadAction\",\"target\":[\"https:\/\/garces-wp.ixole.es\/ca\/dermatologia-quirurgica\/laser\/\"]}]},{\"@type\":\"BreadcrumbList\",\"@id\":\"https:\/\/garces-wp.ixole.es\/ca\/dermatologia-quirurgica\/laser\/#breadcrumb\",\"itemListElement\":[{\"@type\":\"ListItem\",\"position\":1,\"name\":\"Portada\",\"item\":\"https:\/\/garces-wp.ixole.es\/ca\/\"},{\"@type\":\"ListItem\",\"position\":2,\"name\":\"Dermatologia quir\u00fargica\",\"item\":\"https:\/\/garces-wp.ixole.es\/ca\/dermatologia-quirurgica\/\"},{\"@type\":\"ListItem\",\"position\":3,\"name\":\"L\u00e0ser\"}]},{\"@type\":\"WebSite\",\"@id\":\"https:\/\/garces-wp.ixole.es\/#website\",\"url\":\"https:\/\/garces-wp.ixole.es\/\",\"name\":\"Dermatologia Garces\",\"description\":\"Dermatologia Dr. JR Garc\u00e9s Centro M\u00e9dico Teknon\",\"publisher\":{\"@id\":\"https:\/\/garces-wp.ixole.es\/#organization\"},\"potentialAction\":[{\"@type\":\"SearchAction\",\"target\":{\"@type\":\"EntryPoint\",\"urlTemplate\":\"https:\/\/garces-wp.ixole.es\/?s={search_term_string}\"},\"query-input\":{\"@type\":\"PropertyValueSpecification\",\"valueRequired\":true,\"valueName\":\"search_term_string\"}}],\"inLanguage\":\"ca-ES\"},{\"@type\":\"Organization\",\"@id\":\"https:\/\/garces-wp.ixole.es\/#organization\",\"name\":\"Dermatologia Garc\u00e9s\",\"url\":\"https:\/\/garces-wp.ixole.es\/\",\"logo\":{\"@type\":\"ImageObject\",\"inLanguage\":\"ca-ES\",\"@id\":\"https:\/\/garces-wp.ixole.es\/#\/schema\/logo\/image\/\",\"url\":\"https:\/\/garces-wp.ixole.es\/wp-content\/uploads\/2016\/04\/Logotip-Garces-1-e1490180757988.png\",\"contentUrl\":\"https:\/\/garces-wp.ixole.es\/wp-content\/uploads\/2016\/04\/Logotip-Garces-1-e1490180757988.png\",\"width\":150,\"height\":55,\"caption\":\"Dermatologia Garc\u00e9s\"},\"image\":{\"@id\":\"https:\/\/garces-wp.ixole.es\/#\/schema\/logo\/image\/\"}}]}<\/script>\n<!-- \/ Yoast SEO plugin. -->","yoast_head_json":{"title":"L\u00e0ser - Dermatologia Garces","robots":{"index":"index","follow":"follow","max-snippet":"max-snippet:-1","max-image-preview":"max-image-preview:large","max-video-preview":"max-video-preview:-1"},"canonical":"https:\/\/garces-wp.ixole.es\/ca\/dermatologia-quirurgica\/laser\/","og_locale":"ca_ES","og_type":"article","og_title":"L\u00e0ser - Dermatologia Garces","og_description":"[vc_row][vc_column][vc_column_text]El l\u00e0ser \u00e9s una t\u00e8cnica molt utilitzada en dermatologia i pot ser un tractament molt efica\u00e7 per a diferents tipus de patologies com la ros\u00e0cia, les berrugues, el c\u00e0ncer de pell, l&#8217;acne, etc. L&#8217;Institut de Fotomedicina del Centre M\u00e8dic Teknon, dirigit pel doctor Garc\u00e9s, est\u00e0 especialitzat en l&#8217;\u00fas del l\u00e0ser per al tractament dermatol\u00f2gic i [&hellip;]","og_url":"https:\/\/garces-wp.ixole.es\/ca\/dermatologia-quirurgica\/laser\/","og_site_name":"Dermatologia Garces","article_modified_time":"2017-03-14T09:10:57+00:00","twitter_card":"summary_large_image","twitter_misc":{"Est. reading time":"1 minute"},"schema":{"@context":"https:\/\/schema.org","@graph":[{"@type":"WebPage","@id":"https:\/\/garces-wp.ixole.es\/ca\/dermatologia-quirurgica\/laser\/","url":"https:\/\/garces-wp.ixole.es\/ca\/dermatologia-quirurgica\/laser\/","name":"L\u00e0ser - Dermatologia Garces","isPartOf":{"@id":"https:\/\/garces-wp.ixole.es\/#website"},"datePublished":"2017-03-06T10:08:43+00:00","dateModified":"2017-03-14T09:10:57+00:00","breadcrumb":{"@id":"https:\/\/garces-wp.ixole.es\/ca\/dermatologia-quirurgica\/laser\/#breadcrumb"},"inLanguage":"ca-ES","potentialAction":[{"@type":"ReadAction","target":["https:\/\/garces-wp.ixole.es\/ca\/dermatologia-quirurgica\/laser\/"]}]},{"@type":"BreadcrumbList","@id":"https:\/\/garces-wp.ixole.es\/ca\/dermatologia-quirurgica\/laser\/#breadcrumb","itemListElement":[{"@type":"ListItem","position":1,"name":"Portada","item":"https:\/\/garces-wp.ixole.es\/ca\/"},{"@type":"ListItem","position":2,"name":"Dermatologia quir\u00fargica","item":"https:\/\/garces-wp.ixole.es\/ca\/dermatologia-quirurgica\/"},{"@type":"ListItem","position":3,"name":"L\u00e0ser"}]},{"@type":"WebSite","@id":"https:\/\/garces-wp.ixole.es\/#website","url":"https:\/\/garces-wp.ixole.es\/","name":"Dermatologia Garces","description":"Dermatologia Dr. JR Garc\u00e9s Centro M\u00e9dico Teknon","publisher":{"@id":"https:\/\/garces-wp.ixole.es\/#organization"},"potentialAction":[{"@type":"SearchAction","target":{"@type":"EntryPoint","urlTemplate":"https:\/\/garces-wp.ixole.es\/?s={search_term_string}"},"query-input":{"@type":"PropertyValueSpecification","valueRequired":true,"valueName":"search_term_string"}}],"inLanguage":"ca-ES"},{"@type":"Organization","@id":"https:\/\/garces-wp.ixole.es\/#organization","name":"Dermatologia Garc\u00e9s","url":"https:\/\/garces-wp.ixole.es\/","logo":{"@type":"ImageObject","inLanguage":"ca-ES","@id":"https:\/\/garces-wp.ixole.es\/#\/schema\/logo\/image\/","url":"https:\/\/garces-wp.ixole.es\/wp-content\/uploads\/2016\/04\/Logotip-Garces-1-e1490180757988.png","contentUrl":"https:\/\/garces-wp.ixole.es\/wp-content\/uploads\/2016\/04\/Logotip-Garces-1-e1490180757988.png","width":150,"height":55,"caption":"Dermatologia Garc\u00e9s"},"image":{"@id":"https:\/\/garces-wp.ixole.es\/#\/schema\/logo\/image\/"}}]}},"_links":{"self":[{"href":"https:\/\/garces-wp.ixole.es\/ca\/wp-json\/wp\/v2\/pages\/1296","targetHints":{"allow":["GET"]}}],"collection":[{"href":"https:\/\/garces-wp.ixole.es\/ca\/wp-json\/wp\/v2\/pages"}],"about":[{"href":"https:\/\/garces-wp.ixole.es\/ca\/wp-json\/wp\/v2\/types\/page"}],"author":[{"embeddable":true,"href":"https:\/\/garces-wp.ixole.es\/ca\/wp-json\/wp\/v2\/users\/1"}],"replies":[{"embeddable":true,"href":"https:\/\/garces-wp.ixole.es\/ca\/wp-json\/wp\/v2\/comments?post=1296"}],"version-history":[{"count":3,"href":"https:\/\/garces-wp.ixole.es\/ca\/wp-json\/wp\/v2\/pages\/1296\/revisions"}],"predecessor-version":[{"id":1743,"href":"https:\/\/garces-wp.ixole.es\/ca\/wp-json\/wp\/v2\/pages\/1296\/revisions\/1743"}],"up":[{"embeddable":true,"href":"https:\/\/garces-wp.ixole.es\/ca\/wp-json\/wp\/v2\/pages\/1258"}],"wp:attachment":[{"href":"https:\/\/garces-wp.ixole.es\/ca\/wp-json\/wp\/v2\/media?parent=1296"}],"curies":[{"name":"wp","href":"https:\/\/api.w.org\/{rel}","templated":true}]}}

Làser

<p>[vc_row][vc_column][vc_column_text]El làser és una tècnica molt utilitzada en dermatologia i pot ser un tractament molt eficaç per a diferents tipus de patologies com la rosàcia, les berrugues, el càncer de pell, l&#8217;acne, etc.</p>
<p>L&#8217;<a href="http://fotomedicina.com/"><strong>Institut de Fotomedicina del Centre Mèdic Teknon</strong></a>, dirigit pel <a href="https://garces-wp.ixole.es/ca/jrgarces/">doctor Garcés</a>, està especialitzat en l&#8217;ús del làser per al tractament dermatològic i disposa de diferents especialistes que l&#8217;ajudaran en tot el tractament.</p>
<p><a href="http://fotomedicina.com/">Més informació</a>[/vc_column_text][vc_separator][vc_empty_space][vc_empty_space][vc_empty_space][vc_cta h2=&#8221;Si vol demanar cita o més informació, contacti amb nosaltres&#8221; h2_font_container=&#8221;font_size:24|color:%23ffffff&#8221; h2_use_theme_fonts=&#8221;yes&#8221; add_button=&#8221;right&#8221; btn_title=&#8221;Contactar&#8221; btn_style=&#8221;classic&#8221; btn_color=&#8221;chino&#8221; btn_align=&#8221;right&#8221; css=&#8221;.vc_custom_1488903228769{background-color: #3b506b !important;}&#8221; use_custom_fonts_h2=&#8221;true&#8221; use_custom_fonts_h4=&#8221;true&#8221; btn_button_block=&#8221;true&#8221; btn_link=&#8221;url:https%3A%2F%2Fgarces-wp.ixole.es%2Fca%2Fcontactar%2F||&#8221;][/vc_cta][/vc_column][/vc_row]</p>

<p>[vc_row][vc_column][vc_column_text]El làser és una tècnica molt utilitzada en dermatologia i pot ser un tractament molt eficaç per a diferents tipus de patologies com la rosàcia, les berrugues, el càncer de pell, l&#8217;acne, etc. L&#8217;Institut de Fotomedicina del Centre Mèdic Teknon, dirigit pel doctor Garcés, està especialitzat en l&#8217;ús del làser per al tractament dermatològic i [&hellip;]</p>

<!-- This site is optimized with the Yoast SEO plugin v26.7 - https://yoast.com/wordpress/plugins/seo/ -->
<title>Làser - Dermatologia Garces</title>
<meta name="robots" content="index, follow, max-snippet:-1, max-image-preview:large, max-video-preview:-1" />
<link rel="canonical" href="https://garces-wp.ixole.es/ca/dermatologia-quirurgica/laser/" />
<meta property="og:locale" content="ca_ES" />
<meta property="og:type" content="article" />
<meta property="og:title" content="Làser - Dermatologia Garces" />
<meta property="og:description" content="[vc_row][vc_column][vc_column_text]El làser és una tècnica molt utilitzada en dermatologia i pot ser un tractament molt eficaç per a diferents tipus de patologies com la rosàcia, les berrugues, el càncer de pell, l&#8217;acne, etc. L&#8217;Institut de Fotomedicina del Centre Mèdic Teknon, dirigit pel doctor Garcés, està especialitzat en l&#8217;ús del làser per al tractament dermatològic i [&hellip;]" />
<meta property="og:url" content="https://garces-wp.ixole.es/ca/dermatologia-quirurgica/laser/" />
<meta property="og:site_name" content="Dermatologia Garces" />
<meta property="article:modified_time" content="2017-03-14T09:10:57+00:00" />
<meta name="twitter:card" content="summary_large_image" />
<meta name="twitter:label1" content="Est. reading time" />
	<meta name="twitter:data1" content="1 minute" />
<script type="application/ld+json" class="yoast-schema-graph">{"@context":"https://schema.org","@graph":[{"@type":"WebPage","@id":"https://garces-wp.ixole.es/ca/dermatologia-quirurgica/laser/","url":"https://garces-wp.ixole.es/ca/dermatologia-quirurgica/laser/","name":"Làser - Dermatologia Garces","isPartOf":{"@id":"https://garces-wp.ixole.es/#website"},"datePublished":"2017-03-06T10:08:43+00:00","dateModified":"2017-03-14T09:10:57+00:00","breadcrumb":{"@id":"https://garces-wp.ixole.es/ca/dermatologia-quirurgica/laser/#breadcrumb"},"inLanguage":"ca-ES","potentialAction":[{"@type":"ReadAction","target":["https://garces-wp.ixole.es/ca/dermatologia-quirurgica/laser/"]}]},{"@type":"BreadcrumbList","@id":"https://garces-wp.ixole.es/ca/dermatologia-quirurgica/laser/#breadcrumb","itemListElement":[{"@type":"ListItem","position":1,"name":"Portada","item":"https://garces-wp.ixole.es/ca/"},{"@type":"ListItem","position":2,"name":"Dermatologia quirúrgica","item":"https://garces-wp.ixole.es/ca/dermatologia-quirurgica/"},{"@type":"ListItem","position":3,"name":"Làser"}]},{"@type":"WebSite","@id":"https://garces-wp.ixole.es/#website","url":"https://garces-wp.ixole.es/","name":"Dermatologia Garces","description":"Dermatologia Dr. JR Garcés Centro Médico Teknon","publisher":{"@id":"https://garces-wp.ixole.es/#organization"},"potentialAction":[{"@type":"SearchAction","target":{"@type":"EntryPoint","urlTemplate":"https://garces-wp.ixole.es/?s={search_term_string}"},"query-input":{"@type":"PropertyValueSpecification","valueRequired":true,"valueName":"search_term_string"}}],"inLanguage":"ca-ES"},{"@type":"Organization","@id":"https://garces-wp.ixole.es/#organization","name":"Dermatologia Garcés","url":"https://garces-wp.ixole.es/","logo":{"@type":"ImageObject","inLanguage":"ca-ES","@id":"https://garces-wp.ixole.es/#/schema/logo/image/","url":"https://garces-wp.ixole.es/wp-content/uploads/2016/04/Logotip-Garces-1-e1490180757988.png","contentUrl":"https://garces-wp.ixole.es/wp-content/uploads/2016/04/Logotip-Garces-1-e1490180757988.png","width":150,"height":55,"caption":"Dermatologia Garcés"},"image":{"@id":"https://garces-wp.ixole.es/#/schema/logo/image/"}}]}</script>
<!-- / Yoast SEO plugin. -->

Làser - Dermatologia Garces

[vc_row][vc_column][vc_column_text]El làser és una tècnica molt utilitzada en dermatologia i pot ser un tractament molt eficaç per a diferents tipus de patologies com la rosàcia, les berrugues, el càncer de pell, l&#8217;acne, etc. L&#8217;Institut de Fotomedicina del Centre Mèdic Teknon, dirigit pel doctor Garcés, està especialitzat en l&#8217;ús del làser per al tractament dermatològic i [&hellip;]

Dermatologia quirúrgica

Dermatologia Dr. JR Garcés Centro Médico Teknon

Dermatologia Garcés
